mine t(p).
1
Suppose 0 = 5*j + 31 - 1. Let x(u) = -u**3 - 6*u**2 - u - 6. Determine x(j).
0
Let v = -90 + 92. Let c(f) = 2*f**3 - 4*f**2 + 3*f - 1. Determine c(v).
5
Let g(q) be the first derivative of q**6/120 + q**5/10 + q**4/6 - q**3/3 + q**2 + 3. Let j(c) be the second derivative of g(c). Determine j(-5).
3
Let q(c) be the third derivative of -c**7/840 - c**6/72 - c**5/120 - 7*c**4/24 - c**3/2 + c**2. Let i(j) be the first derivative of q(j). Determine i(-5).
-2
Let o(d) = 14*d - 4. Let v(x) = 3*x - x + 3*x - 1. Let h(j) = -6*o(j) + 17*v(j). What is h(-5)?
2
Let r(w) = w + 7. Suppose 5*o - 7*l = -2*l + 20, 16 = 4*o + 2*l. Suppose 2*j - o*j = 0. Suppose j*g + 10 = -2*g - 3*h, 3*g - 3*h = -15. What is r(g)?
2
Let q = -4 - -1. Let r(n) = -n - 1. Let i(b) = -b**2 - 8*b - 7. Let p(m) = i(m) - 4*r(m). Give p(q).
0
Let d(v) = -v**3 + 7*v**2 - 7*v + 9. Let w be d(6). Let i be w*(0 + 2 + -4). Let r(n) = -n**3 - 6*n**2 + n + 3. Give r(i).
-3
Suppose 0 = -4*v - 0*v + h + 12, 0 = -4*v - 2*h. Let s(x) = 2*x**2 + 24*x - x**3 - 2*x**3 - 23*x. What is s(v)?
-14
Let r(y) be the third derivative of -y**4/12 + y**3/6 - y**2. What is r(-7)?
15
Let s(i) = i + 14. Let d be s(-10). Let p(u) = -8 + u - d*u + 3 + 2. Give p(-2).
3
Suppose -5*u + 5*x - 4 = 31, -13 = -u - 3*x. Let v(z) = -z - 1. Let p(y) = -2*y + 3. Let c(l) = p(l) + 2*v(l). What is c(u)?
9
Let p(t) = -2*t**2 + t - 2. Let h(n) = n**2 - n + 1. Let d(b) = -3*h(b) - p(b). Calculate d(2).
-1
Let s(t) = -t**3 - 3*t**2 + 2*t - 6. Let z(r) = -2*r**3 - 6*r**2 + 5*r - 11. Let y(i) = -5*s(i) + 3*z(i). Give y(-5).
22
Let b(t) = t**3 + 5*t**2 + 5*t + 2. Let n be (2/(-4))/(1/(-12)). Let s = 48 + -36. Let p be 4*(-2)/s*n. Calculate b(p).
-2
Let t(y) = y**2 - 10*y + 5. Let c(a) = a**3 - 5*a**2 + 4*a + 4. Let z be c(4). Let h(m) = -m. Let x = 2 + -3. Let o(k) = x*t(k) + z*h(k). What is o(4)?
3
Let p = -42 - -115. Let x(a) = p + 0*a - 66 - 2*a. Determine x(5).
-3
Let v(g) be the second derivative of g**3/6 - g**2/2 - 4*g. Let j be 4/(-14) + 200/14. Suppose 2*y - 6 = 2*w, -2*w + 4*y - j = -0*w. Calculate v(w).
0
Let d be 0*(0 + 1)/(-1). Suppose 2*z + 13 = 3*z - 2*h, -z - h + 1 = d. Let g(i) = 3*i**3 + z*i - 5*i - i. Give g(-1).
-2
Let a(w) be the second derivative of -w**5/20 - w**4/3 + 2*w**3/3 - 7*w**2/2 + w. Let n = 6 - -4. Suppose -c = c + n. Determine a(c).
-2
Let m(f) = 9. Let o(y) = y + 4*y - 5*y + y - 45. Let i(n) = -11*m(n) - 2*o(n). Determine i(-6).
3
Let r(w) = -w**3 + 7*w**2 - w - 5. Suppose 2 - 51 = -7*q. What is r(q)?
-12
Let g(x) = x**3 - 10*x**2 + 7. Suppose 5*v - 2*v = 30. Give g(v).
7
Let f(v) be the third derivative of v**4/24 + v**3/2 - 2*v**2. Suppose 4*c = 36 - 0. Suppose -4*h - c = -h. Calculate f(h).
0
Let u(q) = -q - 1. Let b(p) = 7*p + 16. Let f(c) = -b(c) - 6*u(c). Give f(-5).
-5
Let t(x) = x - 3. Let y be t(3). Let q(w) = -w**3 - w + 0*w + 2 + y*w - 4*w**2. Suppose -6 = 96*k - 93*k. Give q(k).
-4
Let v(r) be the third derivative of 13*r**6/120 - r**5/60 + r**4/12 - r**3/6 + 9*r**2. What is v(1)?
13
Let l = 31 + -22. Let y = -13 + l. Let h(i) = -4*i**3 - 5*i**2 - 10*i - 1. Let u(k) = -3*k**3 - 5*k**2 - 9*k - 2. Let c(s) = 2*h(s) - 3*u(s). Give c(y).
-8
Let y(t) = t - 6. Let n = -34 - -41. Give y(n).
1
Suppose 2*h - 4*k - 6 = 0, -4*h + 2*k + 5 = -1. Let t(j) = -j + 12. Let y be t(9). Let g(o) = -1 + 2 - 4*o**y - 1. Give g(h).
-4
Let b(o) = -o**3 - 3*o**2 + 2*o - 3. Let f be b(-4). Let r(n) = 0*n + 4*n - f*n + 1. Determine r(-3).
4
Let l(j) be the first derivative of -j**2 - 2*j - 1 - 2 - 5. Determine l(-6).
10
Let t(w) = -w**2 - 5*w - 2. Suppose -5*c = -4*x, 0*c - c + 4*x = -16. Let l be t(c). Let o(q) = 4*q**l + q**2 + 2*q**2 - q**2. Determine o(-1).
6
Let h(c) be the third derivative of -5/24*c**4 + 0*c**3 + 2*c**2 + 0 + 0*c. Let n = -1 - -2. Determine h(n).
-5
Let v(o) = -5 + 0*o - o - 6*o**2 + 0*o + 3*o**3 - 4*o**3. Let h be v(-6). Let r(m) = -6*m**2. Give r(h).
-6
Let z(s) = 19*s - 11*s + 6 - 10*s. Give z(4).
-2
Let k(n) be the third derivative of 7*n**4/24 - 2*n**3/3 - 20*n**2. Determine k(3).
17
Let u(t) be the second derivative of -t**3/2 + 2*t**2 + 21*t - 2. Suppose -5*f + 2 + 13 = 0. Suppose 0*c = -f*c + 12. Determine u(c).
-8
Let y(p) = p**3 + 5*p**2 - p - 7. Let v(c) = c**2 - 10*c + 4. Let z be v(9). Determine y(z).
-2
Let h(s) = -3*s + 3. Let w(z) = -2*z**2 + z + 3*z + 7*z**2 - 3*z. Let j be w(-1). What is h(j)?
-9
Let o(f) be the first derivative of f**2 + f - 1. Suppose 1 = x - 4. Suppose -14 = -x*n - 2*l, -2*n - n - 5*l + 16 = 0. What is o(n)?
5
Let p(u) = u**3 + 3*u**2. Let l be p(-2). Let z(d) = d**3 - 5*d**2 + d - 1. Determine z(l).
-13
Let g = -3 + 1. Let c be g + (3 - 1) + -2. Let y = 5 + c. Let s(b) = b**3 - 3*b**2 - 2*b + 4. Calculate s(y).
-2
Let a(h) be the first derivative of -h**3/3 - h**2 + h - 8. Let k be 1/(-3)*(-6)/1. Suppose -k = 3*u + 7. Calculate a(u).
-2
Let r(c) = -5*c**2 - 6*c - 2. Let g(i) = 11*i**2 + 13*i + 5. Let b(v) = 6*g(v) + 13*r(v). Determine b(0).
4
Let b(x) = 1. Let i(t) = t**2 + 9*t + 4. Let l(h) = 5*b(h) - i(h). Determine l(-9).
1
Let c = -2 - -4. Let n(o) = c*o - o + o. Determine n(4).
8
Let i(f) = -3*f**3 + 17*f**2 + 15*f + 7. Let u(h) = 0*h**2 + 27 - 5*h**3 + 8*h**2 + 4*h**3 - 24 + 7*h. Let o(a) = -2*i(a) + 5*u(a). What is o(-5)?
1
Let z(v) be the second derivative of -v**3/6 + v**2/2 + v. Suppose -20 = 6*o + 16. Calculate z(o).
7
Let s(h) = -h + 3. Let m be s(-8). Let q(y) = y**3 - 11*y**2 - y + 10. Calculate q(m).
-1
Let z(c) be the first derivative of -c**5/60 + c**4/6 + 4*c**3/3 - 4. Let d(p) be the third derivative of z(p). Give d(3).
-2
Suppose 0 = 3*u - 2*u + 2. Let j be (-7)/((-2)/u) - -2. Let o(r) = r + 10. Calculate o(j).
5
Let h = 7 + 0. Let b(o) = -o**3 + 7*o**2 + o - 4. Let m be b(h). Let k(d) = d**3 - d**2 - 4*d - 1 - m + 3. What is k(3)?
5
Let g(a) = -a**2 - 6*a - 1. Let o be g(-6). Let p = o + 1. Let z(v) = v**2 + 0*v**2 + 2*v - 5 + p*v**2. Calculate z(-4).
3
Let q = 9 - 5. Suppose 24 = -0*c + q*c. Let f(m) = -m**2 + 6*m - 3. Determine f(c).
-3
Let b(q) be the second derivative of -q**5/20 + 7*q**4/12 - 7*q**3/6 - q**2/2 - 33*q. Give b(5).
14
Let a be 4/(-8) - (-10)/4. Let c(r) = 3 - 22*r - r**a + 1 + 27*r. Determine c(6).
-2
Let d(v) = v**2 + 2*v + 3. Suppose -2*u + 0 + 2 = 2*b, -2*u = -3*b + 18. Determine d(u).
6
Let x be ((-5)/10)/((-2)/40). Let l(p) = -p**2 + 10*p - 2. Determine l(x).
-2
Let z(o) = o**3 + 2*o**2 + 1. Let h be z(-2). Suppose 0 = -k - 0 + h. Let g be (-24)/(-16)*(-1 - k). Let l(p) = p**2 + p + 4. What is l(g)?
10
Let w(b) be the third derivative of b**5/30 + b**4/8 - b**2. Suppose -6*d - 2 = 10. Give w(d).
2
Let h be -3*(-9)/((-27)/2). Let i(g) = 5*g**2 + 2*g - 2. Calculate i(h).
14
Suppose 4*s = -0*s - 4. Let n(m) = -3*m**3 - m - 1. Let d be n(s). Let t(p) = -d + p - p - 2*p. Determine t(-4).
5
Let c(i) = 3*i**2 - 5*i + 2. Suppose -70*r = -81*r + 33. Calculate c(r).
14
Let t(w) be the first derivative of 8*w**3/3 + w**2/2 + w - 1. Suppose -4*c + 4*f = 16, 2*f = -3*c - 0 + 3. Determine t(c).
8
Let s = -1 + 2. Suppose 3*g - s = 14, 5*k = -g + 10. Let i(f) = -7*f**3 + f**2 + f - 1. What is i(k)?
-6
Let t(q) be the first derivative of -q**5/10 - q**4/12 + q**3/3 - q**2/2 - 4*q + 4. Let i(z) be the first derivative of t(z). Determine i(-2).
7
Let t(d) = 2*d - 12. Let f(a) = -2*a + 11. Let g(y) = 5*f(y) + 4*t(y). Calculate g(5).
-3
Let p(i) = -8*i**2 + i - 1. Let s be p(-2). Let r be (-11)/5 + (-7)/s. Let n(j) = -2*j**2 - j + 1. What is n(r)?
-5
Suppose -7*a + 20 = -3*a - 2*b, -5*a + b + 28 = 0. Let t(g) be the second derivative of -g**3/3 + 5*g**2/2 - 32*g. Calculate t(a).
-7
Let x(b) = -b - 2 - 2 + 5. Let d(v) = v + 2. Let r be d(0). Suppose 4 = 2*u + r. Calculate x(u).
0
Let z(c) = -5*c**3 - c - 1. Let h be 18/27 - (-34)/(-6). Let t = -6 - h. Determine z(t).
5
Let l(f) = -224*f**2 + 108*f**2 + 2*f + f**3 + 11 + 107*f**2 + 6*f. Calculate l(8).
11
Let v be (1 - 8) + (-10)/(-5). Let f be ((-16)/(-20))/((-1)/v). Let a(w) = 0 - f*w - 1 + 3*w. Calculate a(-1).
0
Let s(w) = -w**2 + w + 4. Let p(x) = -x + 9. Let z be p(0). Let k = z - 5. What is s(k)?
-8
Let s(v) be the first derivative of -v**4/4 - 4*v**3/3 + 4*v + 16. What is s(-3)?
-5
Let b(k) be the third derivative of k**5/60 - k**4/6 - k**3 - 9*k**2. Give 